 d(j).
7
Suppose -29*h + 28*h = -10. Suppose h*s = 12*s - 4. Let c(y) = y**3 + 2*y**2 - y + 1. Determine c(s).
15
Let j(z) = z**2 - z - 1. Let k = 23 - 13. Suppose 2*f + m - 8 = 0, -3*f - m = -7*f + k. Calculate j(f).
5
Let r(g) = -g**3 + 6*g**2 + 5*g + 6. Let a(c) = -23*c + 166. Let w be a(7). Determine r(w).
56
Let f be 24/(-16) - (-114)/(-12). Let a(k) = -k**2 - 13*k + 10. Calculate a(f).
32
Let j(t) = 2*t**3 + 5*t**2 + 6*t. Let n be j(-1). Let k(c) = 4*c**3 - 2*c**2 - 2. Let u(z) = 5*z**3 - 2*z**2 + z - 2. Let y(d) = -6*k(d) + 5*u(d). What is y(n)?
-22
Let l(s) be the third derivative of s**7/840 - s**6/72 + s**5/24 - s**4/24 + 23*s**3/6 + 2*s**2 + 26. Let b(p) be the first derivative of l(p). What is b(4)?
3
Let c = 21 + -5. Let s = c - 9. Let u(t) = t**3 - 6*t**2 - 7*t + 7. Calculate u(s).
7
Let w = -562 + 558. Let p(q) = q**3 + 4*q**2 + 2*q - 1. What is p(w)?
-9
Let z(u) = -2*u**3 - 3*u**2 - u + 1. Let f be 1/(-1)*1 + 17. Let s = -57 - -64. Suppose 2*q + s = 2*n - 3, 2*n - f = 5*q. Determine z(q).
7
Let z = 25 + -22. Let p(t) = 0*t - 3*t + z - 2 + 0*t. Suppose -2*l - 3 = 1. Determine p(l).
7
Suppose -13*n + 8 = -21*n. Let z(j) = -j**2 - 6*j - 7. Let c(h) = 1. Let m(p) = n*c(p) - z(p). Suppose -2*o = 6 + 2. Determine m(o).
-2
Let i(p) = -p**3 + 4*p**2 - 1. Let u be i(4). Let k(x) be the first derivative of 12 + 2*x**4 - 1/2*x**2 - x - 1/3*x**3. Give k(u).
-9
Let m be 6/9 - (-106)/3. Let q = 32 - m. Let g(i) = -4*i. Give g(q).
16
Let o(y) = 6*y - 26. Let x(w) = -w**2 + 87*w - 957. Let r be x(13). Give o(r).
4
Let y(q) = q**2 - 2*q + 3. Let p(f) = -32*f + 92. Let a be p(3). Determine y(a).
27
Let k(f) = -6*f - 27. Let b be k(-9). Let h(v) = 50*v - 22*v - b*v. What is h(-6)?
-6
Let k be (3/2)/(3/8). Let w(r) = r**3 - 1. Let y be w(1). Let q(j) = j**3 - 3*j**2 + y*j - j - 6*j + 6. What is q(k)?
-6
Suppose -14 = -2*n - 6. Suppose -a - 6 = -n*a. Let w(o) = a*o - 3 + 4*o - 2*o. Calculate w(2).
5
Suppose 12*i - 15 = 7*i. Let u(f) = 0 + 0*f**2 + 2 + i*f - 4 + f**2. Give u(-3).
-2
Let j(u) be the third derivative of -u**7/1260 + u**6/720 + u**5/60 + 3*u**2. Let s(h) be the third derivative of j(h). Give s(5).
-19
Let f = -15 - -6. Let r(t) = -t**2 - t - 18. Let a(n) = n**2 - n + 28. Let q(l) = -3*a(l) - 4*r(l). Determine q(f).
6
Let d(j) = 3*j - 10. Suppose 15*t = 2148 - 2043. Give d(t).
11
Let u be 27/30*(-95)/(-57). Let j(o) be the second derivative of 2/3*o**3 + 1/12*o**4 - u*o**2 + o + 0. Give j(-3).
-6
Suppose -13*r - 40 = 12. Let y(l) = l**2 + 5*l - 3. Determine y(r).
-7
Let s(o) be the first derivative of -o**4/8 + 4*o**2 - 9. Let v(d) be the second derivative of s(d). What is v(2)?
-6
Suppose -q = 0, 4*q + 16 = -3*l - 2. Let h(z) = -z**2 - 5*z + 4. Give h(l).
-2
Let b(y) = -y**2 + 9*y - 10. Let a = 781 + -774. Calculate b(a).
4
Let u(q) be the third derivative of q**6/120 + 2*q**5/15 - 5*q**4/12 - 3*q**3/2 + 922*q**2. What is u(-9)?
0
Let q(d) = -d**2 + 7*d + 1. Let h be (-56)/(-42) - 11/(-3). What is q(h)?
11
Let b(n) = 2*n - 6. Suppose -4*o = -51 - 13. Suppose 24 + o = 10*u. What is b(u)?
2
Let y(c) be the third derivative of c**4/12 + 5*c**3/3 - 70*c**2. Calculate y(-7).
-4
Let b(n) = -2*n**3 + 13*n**2 + 7*n + 9. Let p(o) = -6*o**3 + 36*o**2 + 19*o + 26. Let q(u) = -8*b(u) + 3*p(u). Determine q(3).
-9
Let i be (6 - 1)*2/(-10)*-4. Let d(z) = 3*z - z**2 - 3*z - 3 + 4 + 2*z. What is d(i)?
-7
Let k(s) be the first derivative of s**4/4 - 5*s**3/3 + s**2 + 3*s + 54. Give k(3).
-9
Let h(s) = -s**2 - 3*s + 4. Suppose -3*n - 13 = -40. Suppose -21*v - 48 = -n*v. Determine h(v).
0
Let r = -132 + 127. Let t(w) = -w + 7. What is t(r)?
12
Let k(a) = 7*a - 2. Let q(x) = x. Let b(c) = k(c) - 6*q(c). Let o be b(-2). Let y(m) = -m**3 - 4*m**2 - m + 1. Determine y(o).
5
Let y(q) be the second derivative of -q**5/20 - q**4/3 - q**2 + 3*q. Suppose 2*z + 2 = -4*x, -5*x + 2*x - 6 = 0. Let f = z - 7. What is y(f)?
-2
Let s be -5 - (4/6)/(42/(-315)). Let l(k) = -k**3 + k**2 + k + 3. Determine l(s).
3
Let s(q) be the third derivative of 2*q**2 - 1/120*q**5 + 0*q + 1/4*q**4 + 7/6*q**3 + 0. Let h(t) be the first derivative of s(t). Give h(5).
1
Let n(g) = -g**2 + 10*g - 12. Suppose 7*q = -45 + 220. Suppose 7 = -2*h + q. Determine n(h).
-3
Let t(i) = 5*i + 76. Let j be t(-15). Let n(o) = -3*o**3 + 2*o**2 - 2*o + 1. What is n(j)?
-2
Suppose -19*q = 47*q + 132. Let h(g) = -4*g**3 - 3*g**2 - 2*g - 3. Calculate h(q).
21
Suppose 4*k = k + 24. Let q(p) be the third derivative of p**4/24 - p**3 + 16*p**2 + 2*p. What is q(k)?
2
Let m(b) = b**3 - b**2 - 6*b - 2. Let h(t) = -3*t**3 + 5*t**2 + 17*t + 20. Let g(s) = -h(s) - 2*m(s). Determine g(5).
9
Let t be 1/((-10)/(-4)*2/10). Suppose 13 = t*u - 7. Let j(w) = -w**3 + 9*w**2 + 11*w - 14. What is j(u)?
-4
Let m(i) be the first derivative of i**4/4 - 5*i**3/3 + i**2/2 + 3*i + 26. What is m(5)?
8
Let v(h) be the first derivative of 20*h**2 - h + 49. Give v(1).
39
Suppose 3*h + 4 = 19. Let a(o) = -o**3 + 6*o**2 - 6*o - 1. Calculate a(h).
-6
Let g(i) = 0*i - 2 + 4*i + 0*i. Let c(k) = 0 - 12 - 9*k - 1. Let h be c(-2). Give g(h).
18
Let b(t) be the first derivative of -t**3/3 - t**2 + 7*t - 185. Give b(-4).
-1
Let x(c) = -7*c**2 - 6*c - 16. Let h(y) = y**2 + y + 2. Suppose -11 = 2*w - n, 4 = -5*n - 1. Let d(q) = w*h(q) - x(q). Calculate d(3).
13
Let b(j) = 6*j**2 - 6*j - 68. Let i be b(4). Suppose -1 = -m + 1. Let y(n) = -6*n + 0*n**2 + 7*n**m + 4 - 2*n**2 - n**3. Determine y(i).
-4
Let l(v) = -6*v**2 + 2*v - 2. Let f be l(1). Let i(x) = x - 1. What is i(f)?
-7
Let x be (0 + (-9)/(-6))/((-3)/16). Let c(k) = 3*k**2 + 30*k - 26. Let j(i) = i**2 + 10*i - 9. Let f(y) = x*j(y) + 3*c(y). Give f(-9).
-15
Let f(k) = k**3 + 3*k**2 - k - 3. Suppose -5*x = i - 2*x + 15, 19 = -i - 4*x. What is f(i)?
0
Let r(g) = g + 6. Suppose 0 = -5*x + 13 - 3. Suppose 2*d + x = -8. Determine r(d).
1
Let m(d) = 18*d**2 + 6*d - 5. Let o(r) = 2*r**2 + r - 1. Let t(b) = -m(b) + 5*o(b). Give t(1).
-9
Let v = -1064 - -1062. Let f(a) = -6*a - 9. What is f(v)?
3
Let l(q) = 3*q + 1. Let i(k) be the third derivative of k**4/4 + k**3/6 + 23*k**2. Let b(u) = -3*i(u) + 5*l(u). Determine b(-3).
11
Let d(u) = u - 1. Suppose 3*a + 2 + 3 = 2*f, 3*f = -5*a - 40. Suppose 4*o + 3*c + 3 = -2*c, 2*c = 3*o + 31. Let l = a - o. Determine d(l).
1
Let c(p) = p + 9. Let q = 405 - 414. Give c(q).
0
Let p(m) = m**3 + 10*m**2 + 3*m - 46. Let r(k) = -k**3 - 9*k**2 - 3*k + 40. Let o(c) = -6*p(c) - 7*r(c). Calculate o(-4).
-32
Suppose n + 5*f - 23 = 0, -24 = -4*n - 4*f + f. Let u(o) = o**3 - 9*o**2 + 7*o + 11. Let v be u(8). Let y(q) = -4 + 6 + 2*q - v. Determine y(n).
5
Suppose 6*m = 2*m + 12. Let j = 314 - 149. Let t(x) = -333*x + j*x + 163*x + 2 + 2*x**2. Determine t(m).
5
Let a(m) = 14*m + 2. Let j(s) = 17*s + 1. Let h(n) = -6*a(n) + 5*j(n). Give h(7).
0
Suppose 2*k + 4*m - 20 = 0, -6*k - 5*m + 9 = -23. Let g(z) = -9*z**2 + 12*z - 2. Let b(o) = 3*o**2 - 4*o + 1. Let s(c) = 7*b(c) + 2*g(c). Determine s(k).
7
Let d(s) be the first derivative of 6*s**2 - 21*s + 944. What is d(2)?
3
Let y(x) = -7*x**2 - x + 1. Let o be 4 + (-2 - (-3)/(-3)). Determine y(o).
-7
Suppose 3*n + 703 + 313 = 2*q, -4*q + 2020 = -3*n. Let w(t) = -q + 501 - 2*t - t. Suppose -4*o = 2 - 10. Give w(o).
-7
Let r(w) = -w**2 - 11*w + 3. Let c(z) = -z**2 - z + 1. Let m = -26 - -24. Let p(l) = m*c(l) + r(l). Determine p(8).
-7
Let i(t) = t**2 - 3*t - 8. Suppose -3*m = -10*m - 77. Let w(n) = n**3 + 5*n**2 - n - 3. Let k be w(-4). Let h = m + k. Determine i(h).
10
Let c = 30 + -7. Let s(k) = -11 + c - 6*k - 11. Calculate s(2).
-11
Suppose -32 = 5*n - 20*b + 17*b, -n + 4*b = 20. Let u(d) = d**2 + 7*d + 8. Determine u(n).
-4
Suppose 33 - 23 = 5*h. Let x(a) = a - 5*a**h + 5*a**2 - 1 + 6*a**2 - 4*a**2. Calculate x(2).
9
Suppose -125 = -10*t - 55. Let r(w) = w**3 - 8*w**2 + 3*w + 16. Give r(t).
-12
Let r = 12 + -11. Let d = 5 - r. Suppose 5*o = x + 25, d*x + 0*x = o + 14. Let a(f) = f. Give a(o).
6
Let f = 6 + -3. Let d(t) = 3*t**2 - 9*t + 2. Let k(g) = -2*g**2 + 5*g - 1. Let w(n) = f*d(n) + 5*k(n). Suppose 0*o = -17*o - 34. What is w(o)?
1
Let z(f) be the second derivative of 0 - 1/6*f**4 - 1/720*f**6 + 1/120*f**5 + 0*f**3 + 0*f**2 - 3*f. Let i(x) be the third derivative of z(x). Give i(3).
-2
Let g(i) be the first derivative 